- 18. Let k(f) = -2*q(f) - 11*t(f). Give k(8).
6
Let c(u) = 5*u**2 - u + 1. Let i(k) = 24*k**2 + 9*k + 23. Let m(s) = -5*c(s) + i(s). Determine m(15).
3
Let r(g) = -2*g**2 + 10*g - 3. Let x(j) = 3*j**2 + 3*j + 5. Let f be x(-1). What is r(f)?
-3
Let v(p) = 3 + 0 - 20*p - 2. Let l = -4116 - -4117. What is v(l)?
-19
Suppose -24*k + 30*k - 12 = 0. Let j(q) = 3*q**2 - 1 - 3*q**2 - k*q**3 + 2*q**2 - 1. Determine j(2).
-10
Let m = 46 + -41. Let w(j) = -20*j + 26. Let v(f) = 7*f - 9. Let c(o) = -8*v(o) - 3*w(o). Calculate c(m).
14
Let u(q) = 5*q**2 + 6*q**2 - 18 + 9*q + 37*q**2 - 49*q**2. Give u(9).
-18
Let j(y) = -y**2 + 10*y + 11. Let x be (-100)/(-36) + 5/(90/4). Suppose 11 = -2*p - 4*a + 35, 3*a - x = 0. What is j(p)?
11
Let i(p) = -p**2 - 8*p - 4. Let g be i(-7). Let x(a) = 3 + a - 2*a - 3 + g. Let u(o) = 1. Let l(t) = -6*u(t) + 2*x(t). Give l(-1).
2
Let l(c) = c**3 - c**2 - c + 4. Suppose 3*u - 2*s - 187 = -s, 0 = -2*u - s + 128. Let y be (u/35 - 3)/(2/(-5)). Give l(y).
19
Let b(t) = -9*t**2 - 19*t - 2. Suppose -4*g - h = 32, g + 2*g + 4*h = -37. Let u(i) = 4*i**2 + 9*i + 1. Let y(l) = g*u(l) - 3*b(l). What is y(-4)?
7
Let t(l) = -21*l + 8. Let k be t(-3). Let v(w) = k + 5*w - 64 - 2*w. Give v(-5).
-8
Suppose 54 = -21*k + 30*k. Let t(n) = -n**3 + 5*n**2 + 7*n - 2. What is t(k)?
4
Let w(f) = -6*f + 22. Let l(c) = 8*c - 24. Let b(q) = 2*l(q) + 3*w(q). Calculate b(6).
6
Let n be (-10)/3 + 15*18/810. Let s(y) be the second derivative of -y + 1/6*y**3 + 0*y**2 + 0. What is s(n)?
-3
Let n(f) = 3*f**2 - 2*f + 12. Let a(i) = i**2 + 1. Let h(v) = -2*a(v) + n(v). Let r(w) = -w + 1. Let z(t) = h(t) - 6*r(t). What is z(-4)?
4
Let v(g) = -5*g. Let l be (-3 + (3 - -1))*-1. Give v(l).
5
Suppose -v = q + 7, 0 = 3*v - 5*q - 6 - 13. Let j(y) = -y**3 - y - 1. What is j(v)?
9
Let g(d) be the first derivative of -2*d**2 + 7*d - 1. Let x be 2/(5 + (-8)/2). Let b(p) = -3*p + 6. Let w(j) = x*g(j) - 3*b(j). Give w(2).
-2
Let o(g) = -g**2 - 6. Let j be (6/5)/((-12)/80). Let t be (-10)/(-45) - j/(-36). Give o(t).
-6
Let x(z) be the second derivative of z**3/6 - 7*z**2 + 71*z. What is x(-10)?
-24
Let j(n) = -n**2 - 14*n + 16. Let f(h) = 4*h**2 + 57*h - 65. Let x(w) = -2*f(w) - 9*j(w). Calculate x(-13).
-1
Let v(x) = -2*x. Suppose 0 = 3*i - 4*y - 11, 9 - 3 = i + y. Let h be 11/2 + 11/(-22). Suppose 0 - i = h*f. What is v(f)?
2
Let c(q) = q - 11. Let l(m) = 2*m - 12. Let n(h) = 3*c(h) - 2*l(h). Let i be ((-352)/77)/(-16) + 200/(-14). Calculate n(i).
5
Let w(g) be the first derivative of g**3/3 - 3*g**2 + 2*g + 3188. Suppose -c - 2*c + 12 = 0. Give w(c).
-6
Let q be 819/65 - (13/5 - 2). Suppose 11 = -3*t + 5*g - 23, 2*t = -2*g - q. Let j(x) = -3*x - 12. What is j(t)?
12
Let f(c) = 2 + 8*c - 18*c - 12 - 5*c + 20*c. Let w = -8 + 16. Give f(w).
30
Let w(q) = -q**2 + 4*q + 6. Let n(m) = 5*m**2 + 6*m - 7. Let b be n(1). Suppose 0 = -4*s - 2*r + 18, -5*r - 20 = s - b*s. Determine w(s).
1
Let f(k) = 625 + 10*k - 3*k - 632 - k**2. Let w(z) = z**3 + z**2 - z + 6. Let j be w(0). Calculate f(j).
-1
Let r(k) = -k**3 - 4*k**2 + k + 4. Suppose 0 = 4*t + 3*z + z + 96, 4*z + 75 = -3*t. Let o = 17 + t. Calculate r(o).
0
Let i(t) be the second derivative of t**5/20 + 3*t**4/4 - 3*t**3/2 - 3*t**2 + t + 22. Give i(-10).
-16
Let w(l) be the third derivative of -l**6/72 - 4*l**3/3 - 12*l**2. Let t(y) be the first derivative of w(y). Determine t(1).
-5
Let f(g) = -g - 3. Suppose 5*h - 2*h = -57. Let a = -19 - h. Calculate f(a).
-3
Let s(c) = -5*c - 2. Let y(p) = p**2 - 1. Let w be y(-2). Suppose -3*l = -2*f - 1 - w, -l = 0. Determine s(f).
8
Suppose 2*m + m = -5*r + 11, -5*r = 4*m - 8. Let o = -33 - -58. Let s(y) = -o + y - 20 + 45. Determine s(r).
4
Let b(f) = -2*f**2 + 38*f + 2. Suppose 0 = 11*z - 8*z - 57. Let h be b(z). Let q(p) = 3 - 1 + p**2 + p**2 + p + 0*p**2. Calculate q(h).
12
Let z(j) = 1 - 142*j**2 + 68*j**2 - j**3 - j + 1 + 69*j**2. Determine z(-5).
7
Suppose 2*z = -4*c + 8, 22 = 2*z - 2*c - 16. Let x(k) = k**2 + z*k + 1 + 2 - 23*k. Calculate x(7).
-11
Let u be 0/((-2)/((-2)/(-1))). Let z(m) = -m + 2 + 2 - m**2 + u*m**3 - m**3 + 6*m**2. Let t be 2/(-7) + (-148)/(-28). Calculate z(t).
-1
Let q = 0 - -6. Let c(w) = q - 3*w**2 + w**3 - 5*w + 5*w**2 + 0 + 3*w**2. Let m = -46 - -40. What is c(m)?
0
Let p(l) = -l**2 - l - 4. Let y be ((-2)/(-6))/(8/48). Calculate p(y).
-10
Let m(w) = 0*w - w - 2 + 4 + 3*w - w. Suppose -8 = -5*r + 17. Give m(r).
7
Let y(b) = -2*b + 14. Let u be (-78)/(-234) - (-1 + (-26)/3). Give y(u).
-6
Let s(p) = -2*p + 1. Let k(x) = 38. Let y(m) = k(m) - 5*s(m). What is y(-4)?
-7
Let x(z) = -7*z**3 - 4*z**2 - 2*z - 6. Let g(a) = 9*a**3 + 4*a**2 + a + 6. Let m(t) = -4*g(t) - 5*x(t). Give m(5).
11
Let v(d) = d**2 + d - 1. Let p(y) = -2*y**2 + 6*y + 8. Let k(f) = p(f) + 3*v(f). What is k(-9)?
5
Suppose 6 = 2*v, 5*v - 15 = 36*g - 39*g. Let d(s) be the third derivative of -1/24*s**4 + 2*s**2 - 4/3*s**3 + g + 0*s. Calculate d(-5).
-3
Let c(v) = -v**3 + 4*v**2 - v + 4. Suppose 18*j - 22*j + 5*k = -31, -3*k - 9 = 0. Give c(j).
0
Let i(m) = -m**3 - 1. Let g be i(0). Suppose 5*f = -s - 15, -4*s + 2*s = 2*f + 6. Let l(q) = q + 12 - 4 + s - 7. What is l(g)?
0
Let a(x) be the first derivative of 5*x**2 + 6 - 11*x**2 + 3*x**2. Let u = 16 + -17. Determine a(u).
6
Let w(t) be the second derivative of -6*t - 3/4*t**4 - t**3 - 1/20*t**5 + 0 + 11/2*t**2. Give w(-8).
-5
Let j be (0 - 1)/(15 + -16). Suppose -2*u + 7 = -7. Suppose j = 2*l + u. Let z(s) = 2*s + 2. Determine z(l).
-4
Let h be (-42)/8 + (63/(-7))/(-36). Let a(i) be the first derivative of i**2/2 + 4*i - 1. Calculate a(h).
-1
Suppose -83 - 29 = 16*v. Let h be 2 + -3 + 1 - -2. Let x(b) = 7*b + 5 + 3*b**2 + 0 - 2*b**h. Determine x(v).
5
Let o(m) = 7*m**2 + 13*m - 17. Let a(k) = 4*k**2 + 7*k - 9. Let u(t) = -5*a(t) + 3*o(t). Let h = -64 - -58. Calculate u(h).
6
Suppose k + 3 = -4*u, -3*u + 0*k - 3*k = -9. Let f = 0 + u. Let j(s) be the first derivative of -5*s**2/2 + 2*s - 4. Give j(f).
12
Suppose -142*b - 24 = -148*b. Let f(m) = -m**3 + 5*m**2 - 3*m - 4. Calculate f(b).
0
Let l(q) be the third derivative of 0 + 0*q - 38*q**2 + 1/24*q**4 - 1/6*q**3. Calculate l(6).
5
Let c(g) = -1 - 8 - g - 4. Let m(v) = -105*v - 525. Let r be m(-5). Calculate c(r).
-13
Let b(m) = -13*m - 1. Let n be 10*(7/(-2))/(-7). Suppose 0 = 4*o + v + 2*v - 29, 5 = -n*v. Let s be (-16)/48 + o/6. What is b(s)?
-14
Let i(d) = -43*d. Let u be i(-1). Let j = u + -50. Let f(v) = v**3 + 6*v**2 - 6*v - 4. Give f(j).
-11
Let w(t) = 4*t + 3. Let u(k) = -k**2 - 13*k - 6. Let g be u(-13). Let n be (1 + -1 + g)*-1. Suppose -5*f + 4*y - 31 = 0, n*f - 4*f = 2*y - 14. Give w(f).
-9
Let r(h) = -9*h**2 - 17 + 13*h**2 + 4*h - h**3 + 18. Determine r(5).
-4
Let a(t) be the third derivative of -5*t**4/8 + t**3/3 + 540*t**2. Determine a(3).
-43
Let i be (-8)/7 - 1/(-7). Let m(d) = -3 + 5 - 142*d + 143*d. Determine m(i).
1
Let y(t) be the second derivative of -t**6/360 + t**5/20 + t**4/8 - 17*t**3/6 - t. Let p(a) be the second derivative of y(a). Give p(7).
-4
Let d(s) = -2*s**2 + 68*s - 72. Let m be d(33). Let r(t) = -t**3 - 6*t**2 + 5*t - 5. What is r(m)?
-35
Suppose -46 - 78 = -31*b. Let d(y) = y**3 - 4*y - 1. Calculate d(b).
47
Suppose -8 = -40*u + 38*u. Let j(c) be the first derivative of c**4/4 - c**3 - 3*c**2/2 + 2*c + 1. Calculate j(u).
6
Let n(q) = 2*q + 16. Let z be n(-9). Let v = z - -8. Let s(y) = -y**3 + 7*y**2 - 7*y + 2. Calculate s(v).
-4
Let c(d) = 7*d + 8. Let a(b) = -38*b - 42. Let o(n) = -4*a(n) - 22*c(n). Determine o(-4).
0
Let l(w) = -2*w**3 + 2*w**2 - w. Let j be (-1)/(-2) + 28/8. Suppose 0 = 4*x + j*p, -4*p - 16 = -3*x - x. Suppose -8*r + x = -6*r. Determine l(r).
-1
Let t(u) = u + 15. Suppose 108 = 9*l - 11*l. Let h be (-18)/l + (-2)/6. Determine t(h).
15
Let t(p) be the first derivative of -p**3/3 - 17*p**2/2 - 18*p - 566. Calculate t(-12).
42
Let s = 5 - 20. Let j = 19 + s. Let k(v) = -v - 6 + 5 + j*v + 2. Calculate k(-2).
-5
Let z(h) = -h + 6. Suppose -32 + 8 = -4*q - 3*y, 0 = 3*q - 4*y + 7. What is z(q)?
3
Suppose 30*c + 84 = 2*c. Let m(u) = -2*u**2 - 2*u - 2. Determine m(c).
-14
Let w(z) = 9*z + 69. Let x be w(-8). Let p(s) = 2*s - 3. Give p(x).
-9
Suppose 13*k - 73*k = 0. Let n(t) = 4*t - 3*t + 10 + 0. Determine n(k).
10
Let i = -1 + 3. Let d be 3 +